ime factors of 1167503003?
41, 1429, 19927
What are the prime factors of 458989948?
2, 114747487
List the prime factors of 1396346068.
2, 13, 17, 157, 10061
List the prime factors of 39006658.
2, 19, 37, 27743
List the prime factors of 493216251.
3, 11, 53, 73, 3863
What are the prime factors of 792437711?
13, 17, 210923
What are the prime factors of 58356444?
2, 3, 17, 286061
List the prime factors of 2735915072.
2, 11, 269, 14447
What are the prime factors of 229621055?
5, 45924211
List the prime factors of 2919927568.
2, 182495473
List the prime factors of 8022142922.
2, 29, 1999, 69191
List the prime factors of 59529727.
23, 2588249
What are the prime factors of 552168663?
3, 761, 241861
List the prime factors of 104603995.
5, 37, 565427
What are the prime factors of 186256355?
5, 1009, 36919
List the prime factors of 1072936779.
3, 1933, 185021
List the prime factors of 114265487.
7, 19, 113, 7603
List the prime factors of 14934833.
14934833
What are the prime factors of 2201250862?
2, 359, 3065809
List the prime factors of 14583182.
2, 131, 55661
What are the prime factors of 98575441?
331, 297811
What are the prime factors of 6405803722?
2, 24677, 129793
What are the prime factors of 1415570247?
3, 7, 13, 101, 109, 157
List the prime factors of 482078126.
2, 241039063
What are the prime factors of 1160014368?
2, 3, 2083, 5801
What are the prime factors of 20659849?
7, 283, 10429
What are the prime factors of 36628729?
653, 56093
What are the prime factors of 205238664?
2, 3, 950179
What are the prime factors of 133593280?
2, 5, 417479
What are the prime factors of 2675993050?
2, 5, 4643, 11527
What are the prime factors of 469678305?
3, 5, 79, 396353
List the prime factors of 484498943.
223, 2172641
List the prime factors of 63818366.
2, 31909183
List the prime factors of 15766603.
947, 16649
What are the prime factors of 3406642157?
1409, 2417773
What are the prime factors of 85369086?
2, 3, 11, 143719
List the prime factors of 8775203086.
2, 13, 19, 3623, 4903
What are the prime factors of 2233336843?
53, 42138431
What are the prime factors of 14873233?
643, 23131
List the prime factors of 67240407.
3, 13, 1724113
List the prime factors of 151857019.
151857019
List the prime factors of 110457305.
5, 7, 3155923
What are the prime factors of 3411291228?
2, 3, 29, 149, 65789
List the prime factors of 282299109.
3, 4987, 18869
What are the prime factors of 46674182?
2, 23337091
List the prime factors of 4410718.
2, 13, 17, 587
What are the prime factors of 27720295?
5, 1571, 3529
List the prime factors of 7387378.
2, 3693689
List the prime factors of 1918612484.
2, 479653121
What are the prime factors of 423773341?
59, 131, 54829
What are the prime factors of 30799586?
2, 3559, 4327
List the prime factors of 1736133335.
5, 347226667
What are the prime factors of 101865151?
43, 2368957
What are the prime factors of 500097072?
2, 3, 10418689
What are the prime factors of 22042672?
2, 1377667
List the prime factors of 266610730.
2, 5, 109, 244597
What are the prime factors of 263160863?
7, 37594409
What are the prime factors of 3892166378?
2, 19, 149, 449, 1531
List the prime factors of 366101148.
2, 3, 7, 622621
What are the prime factors of 2932364451?
3, 47, 467, 44533
What are the prime factors of 1473265299?
3, 11, 23, 1941061
What are the prime factors of 1278629921?
1979, 646099
What are the prime factors of 102233245?
5, 20446649
List the prime factors of 206864481.
3, 61, 1130407
List the prime factors of 6236365.
5, 17, 73369
What are the prime factors of 33905936?
2, 2119121
What are the prime factors of 118877834?
2, 53, 89, 12601
What are the prime factors of 41388388?
2, 47, 220151
What are the prime factors of 227990043?
3, 17, 113, 13187
What are the prime factors of 7022696?
2, 877837
What are the prime factors of 430545180?
2, 3, 5, 13, 551981
List the prime factors of 331043398.
2, 7, 251, 94207
What are the prime factors of 862193824?
2, 23, 31, 53
What are the prime factors of 4671627750?
2, 3, 5, 23, 30091
What are the prime factors of 52627883?
7, 11, 683479
What are the prime factors of 283451912?
2, 113, 313553
List the prime factors of 354405206.
2, 23, 31, 157, 1583
List the prime factors of 66188972.
2, 47, 352069
What are the prime factors of 225136854?
2, 3, 1823, 2287
What are the prime factors of 2961796669?
13, 271, 840703
List the prime factors of 1445131146.
2, 3, 19, 12676589
What are the prime factors of 524688076?
2, 11, 1201, 9929
List the prime factors of 11845296.
2, 3, 43, 1913
List the prime factors of 4295596767.
3, 7, 11, 18595657
List the prime factors of 952892419.
181, 269, 19571
List the prime factors of 53655563.
13, 19, 217229
List the prime factors of 4981574.
2, 13, 191599
What are the prime factors of 42142284?
2, 3, 59, 19841
List the prime factors of 1867526940.
2, 3, 5, 31125449
What are the prime factors of 408983181?
3, 136327727
What are the prime factors of 123508000?
2, 5, 7, 11, 401
List the prime factors of 95512861.
95512861
What are the prime factors of 1899408490?
2, 5, 7, 27134407
What are the prime factors of 268670925?
3, 5, 19, 6983
List the prime factors of 93246988.
2, 73, 319339
List the prime factors of 323909892.
2, 3, 67, 134291
What are the prime factors of 550117869?
3, 7, 41, 71, 8999
What are the prime factors of 9366609653?
9366609653
What are the prime factors of 122652610?
2, 5, 47, 163, 1601
List the prime factors of 1718457220.
2, 5, 229, 375209
What are the prime factors of 557137706?
2, 278568853
What are the prime factors of 48153334?
2, 19, 1267193
What are the prime factors of 2981460021?
3, 4447, 223481
What are the prime factors of 151542431?
181, 349, 2399
What are the prime factors of 2104194131?
13, 97, 113, 14767
What are the prime factors of 46426459?
47, 987797
What are the prime factors of 1296377354?
2, 20051, 32327
List the prime factors of 43962039.
3, 11, 23, 43, 449
What are the prime factors of 547766312?
2, 68470789
List the prime factors of 77053358.
2, 23, 1675073
What are the prime factors of 197284467?
3, 19, 127, 27253
What are the prime factors of 52187252?
2, 13, 1003601
List the prime factors of 180006773.
1847, 97459
List the prime factors of 27780701.
13, 2136977
What are the prime factors of 137166819?
3, 1373, 33301
List the prime factors of 3527360275.
5, 2341, 60271
List the prime factors of 3679654604.
2, 83, 599, 18503
What are the prime factors of 41401406?
2, 307, 67429
What are the prime factors of 1368423895?
5, 273684779
What are the prime factors of 4239733553?
11, 385430323
List the prime factors of 21491852.
2, 5372963
List the prime factors of 193432233.
3, 29, 179, 12421
List the prime factors of 19922441.
7, 11, 258733
What are the prime factors of 404720072?
2, 271, 186679
List the prime factors of 153393336.
2, 3, 47, 45329
List the prime factors of 726499375.
5, 7, 211, 787
List the prime factors of 10276498.
2, 29, 163, 1087
List the prime factors of 210739786.
2, 17, 71, 87299
List the prime factors of 119044820.
2, 5, 5952241
List the prime factors of 3287286112.
2, 11, 9338881
What are the prime factors of 26301271?
26301271
What are the prime factors of 18448595?
5, 11, 335429
List the prime factors of 14489505.
3, 5, 149, 2161
List the prime factors of 39916447.
307, 130021
List the prime factors of 264226442.
2, 107, 1234703
List the prime factors of 97547524.
2, 24386881
What are the prime factors of 702549941?
769, 913589
List the prime factors of 1100633318.
2, 59, 9327401
List the prime factors of 2027015893.
7, 17, 19, 73, 12281
List the prime factors of 776068223.
7, 15838127
List the prime factors of 449688686.
2, 23, 107, 211, 433
List the prime factors of 429995159.
11, 619, 5741
List the prime factors of 883309663.
883309663
List the prime factors of 5666163027.
3, 7, 269817287
What are the prime factors of 1299105768?
2, 3, 54129407
What are the prime factors of 1121010?
2, 3, 5, 11, 43, 79
What are the prime factors of 3010981358?
2, 7, 11, 19551827
What are the prime factors of 189160576?
2, 11, 37, 3631
List the prime factors of 268493568.
2, 3, 7, 49943
List the prime factors of 366048044.
2, 91512011
What are the prime factors of 583140576?
2, 3, 6074381
List the prime factors of